{"id":2025,"date":"2018-01-13T02:52:47","date_gmt":"2018-01-13T01:52:47","guid":{"rendered":"http:\/\/www.centrohipicodelcastillo.com\/inicio\/?page_id=2025"},"modified":"2018-01-13T02:52:47","modified_gmt":"2018-01-13T01:52:47","slug":"aviso-legal","status":"publish","type":"page","link":"https:\/\/centrohipicodelcastillo.com\/inicio\/aviso-legal\/","title":{"rendered":"Aviso legal"},"content":{"rendered":"<p><strong>AVISO LEGAL<\/strong><\/p>\n<p>El presente aviso (en adelante el \u201cAviso legal\u201d) regula el uso del servicio del portal de internet http:\/\/www.centrohipicodelcastillo.com (en adelante el \u201cPortal\u201d) que el Centro H\u00edpico del Castillo (en adelante, la \u201cCHC\u201d) pone a disposici\u00f3n de los usuarios de internet. La utilizaci\u00f3n del Portal implica la condici\u00f3n de usuario del Portal (en adelante \u201cEl Usuario\u201d) e implica la aceptaci\u00f3n plena y sin reservas de todas y cada una de las disposiciones incluidas en este Aviso Legal en la versi\u00f3n publicada en el momento mismo que el Usuario acceda al Portal. En tal sentido, el usuario deber\u00e1 consultar dicho aviso legal cada vez que se disponga a utilizar el presente portal, debido a los cambios que se puedan producir en el aviso legal o portal.<\/p>\n<p><strong>1.- Informaci\u00f3n legal.<\/strong><\/p>\n<p>El Centro H\u00edpico del Castillo es una entidad asociativa privada, con NIF 42.035.423-W, sin \u00e1nimo de lucro, con personalidad jur\u00eddica y patrimonio propio e independiente de los de sus asociados. Ejerce, adem\u00e1s de sus funciones propias, funciones p\u00fablicas de car\u00e1cter administrativo, actuando, en este caso, como agente colaborador de la Administraci\u00f3n P\u00fablica de la Comunidad Aut\u00f3noma de Canarias.<\/p>\n<p>El CHC tiene domicilio en Calle Carril del Millete, 63 38355 Barranco Las Lajas, Tacoronte, Tenerife, que se rige por las normas de orden interno que dicte en el ejercicio de sus competencias.<\/p>\n<p>Nuestros tel\u00e9fonos de contacto son 676 008 465, 696 439 117 y 667 458 689. El CHC es titular del nombre de dominio www.centrohipicodelcastillo.com. Nuestra web no ofrece garant\u00eda de ning\u00fan tipo. El CHC no puede garantizar que su p\u00e1gina web este en todo momento disponible. Asimismo, no se hace responsable de los da\u00f1os y perjuicios, directos o indirectos, derivados del uso de la misma, incluidos los da\u00f1os a sistemas inform\u00e1ticos que pudieran causarse al Usuario o a terceros, ni garantiza la ausencia de virus u otros elementos lesivos.<\/p>\n<p><strong>2.- Propiedad intelectual e industrial.<\/strong><\/p>\n<p>Todos los contenidos del Portal (textos, fotograf\u00edas, im\u00e1genes, software, c\u00f3digos fuente, etc.), son propiedad intelectual del CHC o de terceros y no podr\u00e1n ser reproducidos, copiados, pegados, linkados, transmitidos, distribuidos o manipulados de cualquier forma y con cualquier finalidad, sin la autorizaci\u00f3n previa y por escrito del CHC, manteniendo en todo momento el \u201ccopyright\u201d intacto y cualquier otro indicador de la propiedad intelectual de los materiales o contenidos. Todo uso o modificaci\u00f3n de los contenidos del Portal para cualquier otro fin distinto del autorizado en el presente Aviso Legal ser\u00e1 considerado una violaci\u00f3n de las leyes reguladoras del \u201ccopyright\u201d, que protegen los derechos de autor.<\/p>\n<p><strong>3.-\u00a0<\/strong><strong>Autorizaci\u00f3n expresa.<\/strong><\/p>\n<p>El Usuario consiente expresamente la reproducci\u00f3n y tratamiento de sus im\u00e1genes y sonidos enviadas al CHC a trav\u00e9s de links o enlaces provenientes de otras p\u00e1ginas webs. El Usuario autoriza al CHC para la captaci\u00f3n, reproducci\u00f3n, publicaci\u00f3n, exhibici\u00f3n y distribuci\u00f3n de materiales conteniendo su imagen y\/o voz, nombre, edad o fecha de nacimiento, o cualquier otra representaci\u00f3n identificable de su persona, as\u00ed como en su caso de su hijo\/hija\/pupilo del que afirma ser el representante legal, en la web y en cualquier otra publicaci\u00f3n, medio y\/o soporte, y sin limitaci\u00f3n alguna en cuanto a su \u00e1mbito temporal y territorial, tanto para actividades deportivas y\/o divulgativas de su actividad, y\/o destinadas a recaudar fondos o ayudas para el cumplimiento de los fines del CHC, como para difusi\u00f3n informativa o publicitaria de las actividades o eventos celebrados u organizados por el CHC y, en general, parar dar a conocer los objetivos y actividades del CHC. Asimismo, de acuerdo con la LOPD, el Usuario es informado y consiente a la incorporaci\u00f3n de sus datos y de los datos de su hijo\/hija\/pupilo menor de edad, a un fichero titularidad del CHC, y al tratamiento automatizado o no de los mismos, para las finalidades previstas en el p\u00e1rrafo anterior.<\/p>\n<p>Asimismo, autoriza al CHC a que remita informaci\u00f3n y publicidad sobre los servicios que ofrezca. El Usuario podr\u00e1 ejercer los derechos de acceso, rectificaci\u00f3n, cancelaci\u00f3n y oposici\u00f3n, en los t\u00e9rminos establecidos en el \u00faltimo p\u00e1rrafo del apartado anterior. El Usuario, tras haber informado del contenido \u00edntegro de la presente cl\u00e1usula a todas las personas cuya voz y\/o im\u00e1genes aparezcan en dichas grabaciones o soportes, en los mismos t\u00e9rminos en los que ha sido informado el Usuario, se compromete a obtener el consentimiento expreso de dichas personas para la reproducci\u00f3n y tratamiento de sus im\u00e1genes y\/o sonidos y para la realizaci\u00f3n de los tratamientos previstos en la presente cl\u00e1usula.<\/p>\n<p><strong>4.- Obligaci\u00f3n de hacer un uso correcto del Portal.<\/strong><\/p>\n<p>El Usuario se compromete a utilizar el Portal de conformidad con la Ley, el presente Aviso legal, as\u00ed como la moral y las buenas costumbres generalmente aceptadas y el orden p\u00fablico. A tal efecto, el Usuario se abstendr\u00e1 de utilizar el Portal con fines o efecto il\u00edcitos, lesivos de los derechos o intereses de terceros, o que de cualquier modo puedan da\u00f1ar, inutilizar, sobrecargar, deteriorar la normal utilizaci\u00f3n del Portal. En particular, y a t\u00edtulo meramente indicativo y no exhaustivo, el Usuario se compromete a no trasmitir, difundir o poner a disposici\u00f3n de terceros informaciones, datos, contenidos, mensajes, archivos de sonido y\/o imagen, fotograf\u00edas, grabaciones, software y en general, cualquier clase de materias que: (a) de cualquier forma sea contrario, menosprecie o atente contra los derechos fundamentales y las libertades p\u00fablicas reconocidas constitucionalmente, en los Tratados internacionales y en el resto de la legislaci\u00f3n; (b) induzca o promueva actuaciones delictivas, denigratorias, difamatorias, violentas o, en general, contrarias a la ley, a la moral y buenas costumbres generalmente aceptadas o al orden p\u00fablico; (c) induzca o promueva actuaciones, actitudes o pensamientos discriminatorios por raz\u00f3n de sexo, raza, religi\u00f3n, creencias, edad o condici\u00f3n; (d) induzca o incite a involucrarse en pr\u00e1cticas peligrosas, de riesgo o nocivas para la salud y el equilibrio ps\u00edquico; (e) sea falso, ambiguo, inexacto, exagerado o extempor\u00e1neo, de forma que induzca o pueda inducir a error sobre su objeto o sobre las intenciones o prop\u00f3sitos del comunicante; (f) se encuentre protegido por cualesquiera derechos de propiedad intelectual o industrial pertenecientes a terceros, sin que el Usuario haya obtenido previamente de sus titulares la autorizaci\u00f3n necesaria para llevar a cabo el uso que efect\u00faa o pretende efectuar; (g) viole los secretos empresariales de terceros; (h) sea contrario al derecho al honor, a la intimidad personal y familiar o a la propia imagen de las personas; (i) de cualquier manera menoscabe el cr\u00e9dito del CHC o de terceros; (j) infrinja la normativa sobre secreto de las comunicaciones; (k) constituya, en su caso, publicidad il\u00edcita, enga\u00f1osa o desleal y, en general, que constituya competencia desleal; o (l) incorpore virus u otros elementos f\u00edsicos o electr\u00f3nicos que puedan da\u00f1ar o impedir el normal funcionamiento de la red, del sistema o de equipos inform\u00e1ticos (hardware y software) del CHC o de terceros o que puedan da\u00f1ar los documentos electr\u00f3nicos y archivos almacenados en dichos equipos inform\u00e1ticos.<\/p>\n<p><strong>5.- Introducci\u00f3n de enlaces al Portal.<\/strong><\/p>\n<p>El Usuario de Internet que quiera introducir enlaces desde sus propias p\u00e1ginas web al Portal deber\u00e1 cumplir con las condiciones que se detallan a continuaci\u00f3n: El enlace \u00fanicamente vincular\u00e1 con la home page o p\u00e1gina principal del Portal pero no podr\u00e1 reproducirla de ninguna forma (inline links, copia de los textos, gr\u00e1ficos, etc). Queda prohibido establecer frames o marcos de cualquier tipo que envuelvan al Portal o permitan la visualizaci\u00f3n de sus contenidos a trav\u00e9s de direcciones de Internet distintas a las del propio Portal y, en cualquier caso, esta prohibici\u00f3n incluye tambi\u00e9n que se visualicen conjuntamente con contenidos ajenos al Portal, de forma que: (i) produzca error, confusi\u00f3n o enga\u00f1o en los usuarios sobre la verdadera procedencia de los contenidos; (ii) suponga un acto de comparaci\u00f3n o imitaci\u00f3n desleal; (iii) sirva para aprovecharse de la reputaci\u00f3n de la marca y el prestigio del CHC; o (iv) de cualquier otra forma resulte prohibido por la legislaci\u00f3n vigente o atente contra los usos y costumbres de buen hacer profesional que sean de general aceptaci\u00f3n en internet. No se realizar\u00e1 desde la p\u00e1gina que introduce el enlace ning\u00fan tipo de manifestaci\u00f3n falsa, inexacta o incorrecta sobre el CHC, sus asociados, empleados o sobre las funciones que desempe\u00f1a. No se declarar\u00e1 ni se dar\u00e1 a entender que el CHC ha autorizado el enlace o que ha asumido o supervisado de cualquier forma los servicios ofrecidos o puestos a disposici\u00f3n de la p\u00e1gina web en la que se establece el enlace. El establecimiento del enlace no implica en ning\u00fan caso la existencia de relaciones entre el CHC y el propietario de la p\u00e1gina web en la que se establezca, ni la aceptaci\u00f3n ni la aprobaci\u00f3n por parte del CHC de sus contenidos o servicios. La p\u00e1gina que establezca el enlace deber\u00e1 cumplir fielmente con la ley y no podr\u00e1 en ning\u00fan caso disponer o enlazar con contenidos propios o de terceros que sean il\u00edcitos, nocivos o contrarios a la moral y a las buenas costumbres o que resulten inapropiados y entren en conflicto con la actividad del CHC.<\/p>\n<p><strong>6.- Sitios enlazados.<\/strong><\/p>\n<p>El Portal puede incluir dispositivos t\u00e9cnicos de enlace que permiten al Usuario acceder a otras p\u00e1ginas y portales de Internet (en adelante, \u201cSitios Enlazados\u201d). En estos casos, el CHC act\u00faa como prestador de servicios de intermediaci\u00f3n de conformidad con el art\u00edculo 17 de la Ley 34\/2002, de 12 de julio, de Servicios de la Sociedad de la Informaci\u00f3n y el Comercio Electr\u00f3nico (LSSI) y s\u00f3lo ser\u00e1 responsable de los contenidos y servicios suministrados en los Sitios Enlazados en la medida en que tenga conocimiento efectivo de la ilicitud y no haya desactivado el enlace con la diligencia debida. El CHC no conoce los contenidos y servicios de los Sitios Enlazados y por tanto no se hace responsable por los da\u00f1os producidos por la ilicitud, calidad, indisponibilidad, error e inutilidad de los Sitios Enlazados ni por cualquier otro da\u00f1o que no sea directamente imputable al CHC.<\/p>\n<p><strong>7.- Aceptaci\u00f3n del Aviso Legal.<\/strong><\/p>\n<p>El Usuario se compromete a utilizar el Portal y de conformidad con la Ley y este Aviso legal, as\u00ed como con la moral y buenas costumbres generalmente aceptadas y el orden p\u00fablico, respondiendo frente al CHC o frente a terceros de cualesquiera da\u00f1os y perjuicios que pudieran causarse como consecuencia del incumplimiento de dicha obligaci\u00f3n.<\/p>\n","protected":false},"excerpt":{"rendered":"AVISO LEGAL El presente aviso (en adelante el \u201cAviso legal\u201d) regula el uso del servicio del portal de internet http:\/\/www.centrohipicodelcastillo.com (en adelante el \u201cPortal\u201d) que el Centro H\u00edpico del Castillo (en adelante, la \u201cCHC\u201d) pone a disposici\u00f3n de los usuarios de internet. La utilizaci\u00f3n del Portal implica la condici\u00f3n de usuario del Portal (en adelante \u201cEl Usuario\u201d) e implica la&nbsp;<a href=\"https:\/\/centrohipicodelcastillo.com\/inicio\/aviso-legal\/\" class=\"read-more\">Seguir leyendo<\/a>","protected":false},"author":4,"featured_media":0,"parent":0,"menu_order":0,"comment_status":"closed","ping_status":"closed","template":"","meta":{"footnotes":""},"class_list":["post-2025","page","type-page","status-publish","hentry"],"_links":{"self":[{"href":"https:\/\/centrohipicodelcastillo.com\/inicio\/wp-json\/wp\/v2\/pages\/2025","targetHints":{"allow":["GET"]}}],"collection":[{"href":"https:\/\/centrohipicodelcastillo.com\/inicio\/wp-json\/wp\/v2\/pages"}],"about":[{"href":"https:\/\/centrohipicodelcastillo.com\/inicio\/wp-json\/wp\/v2\/types\/page"}],"author":[{"embeddable":true,"href":"https:\/\/centrohipicodelcastillo.com\/inicio\/wp-json\/wp\/v2\/users\/4"}],"replies":[{"embeddable":true,"href":"https:\/\/centrohipicodelcastillo.com\/inicio\/wp-json\/wp\/v2\/comments?post=2025"}],"version-history":[{"count":1,"href":"https:\/\/centrohipicodelcastillo.com\/inicio\/wp-json\/wp\/v2\/pages\/2025\/revisions"}],"predecessor-version":[{"id":2026,"href":"https:\/\/centrohipicodelcastillo.com\/inicio\/wp-json\/wp\/v2\/pages\/2025\/revisions\/2026"}],"wp:attachment":[{"href":"https:\/\/centrohipicodelcastillo.com\/inicio\/wp-json\/wp\/v2\/media?parent=2025"}],"curies":[{"name":"wp","href":"https:\/\/api.w.org\/{rel}","templated":true}]}}