{"id":14,"date":"2018-01-13T09:00:05","date_gmt":"2018-01-13T08:00:05","guid":{"rendered":"http:\/\/www.centrohipicodelcastillo.com\/inicio\/contacts\/"},"modified":"2023-09-13T18:28:37","modified_gmt":"2023-09-13T17:28:37","slug":"contactaconnosotros","status":"publish","type":"page","link":"https:\/\/centrohipicodelcastillo.com\/inicio\/contactaconnosotros\/","title":{"rendered":"Contacta con nosotros"},"content":{"rendered":"<div class=\"google-map\"><iframe loading=\"lazy\" src=\"https:\/\/www.google.com\/maps\/embed?pb=!1m14!1m8!1m3!1d1484.9369554810294!2d-16.393974!3d28.4632532!3m2!1i1024!2i768!4f13.1!3m3!1m2!1s0xc41d3ac7f311b9f%3A0x835f96215000edfa!2sCentro+H%C3%ADpico+del+Castillo!5e1!3m2!1ses!2ses!4v1515840583804\" frameborder=\"0\" width=\"1000\" height=\"300\" marginwidth=\"0\" marginheight=\"0\" scrolling=\"no\"><\/iframe><\/div>\n<h2>Informaci\u00f3n de contacto<\/h2>\n<p>Si est\u00e1s interesado en alguno de nuestros servicios, ll\u00e1manos y te informaremos sin compromiso.<\/p>\n<p>Tambi\u00e9n puedes buscarnos en nuestra p\u00e1gina de Facebook, en nuestro perfil de Instagram (@chdelcastillo) o escribirnos a nuestro correo electr\u00f3nico<\/p>\n<p><strong>Centro H\u00edpico del Castillo<br \/>\nCalle Carril del Millete, 63<br \/>\n38355, Tacoronte, Tenerife<\/strong><br \/>\nTelefono: +34 696 439 117<br \/>\nE-mail: <a href=\"mailto:info@centrohipicodelcastillo.com\">info@centrohipicodelcastillo.com<\/a><\/p>\n<h2>Formulario de contacto<\/h2>\n\n<div class=\"wpcf7 no-js\" id=\"wpcf7-f23-o1\" lang=\"es-ES\" dir=\"ltr\" data-wpcf7-id=\"23\">\n<div class=\"screen-reader-response\"><p role=\"status\" aria-live=\"polite\" aria-atomic=\"true\"><\/p> <ul><\/ul><\/div>\n<form action=\"\/inicio\/wp-json\/wp\/v2\/pages\/14#wpcf7-f23-o1\" method=\"post\" class=\"wpcf7-form init\" aria-label=\"Formulario de contacto\" novalidate=\"novalidate\" data-status=\"init\">\n<fieldset class=\"hidden-fields-container\"><input type=\"hidden\" name=\"_wpcf7\" value=\"23\" \/><input type=\"hidden\" name=\"_wpcf7_version\" value=\"6.1.5\" \/><input type=\"hidden\" name=\"_wpcf7_locale\" value=\"es_ES\" \/><input type=\"hidden\" name=\"_wpcf7_unit_tag\" value=\"wpcf7-f23-o1\" \/><input type=\"hidden\" name=\"_wpcf7_container_post\" value=\"0\" \/><input type=\"hidden\" name=\"_wpcf7_posted_data_hash\" value=\"\" \/>\n<\/fieldset>\n<p><label> Nombre (requerido)<br \/>\n<span class=\"wpcf7-form-control-wrap\" data-name=\"your-name\"><input size=\"40\" maxlength=\"400\" class=\"wpcf7-form-control wpcf7-text wpcf7-validates-as-required\" aria-required=\"true\" aria-invalid=\"false\" value=\"\" type=\"text\" name=\"your-name\" \/><\/span> <\/label>\n<\/p>\n<p><label> Tu correo electr\u00f3nico (requerido)<br \/>\n<span class=\"wpcf7-form-control-wrap\" data-name=\"your-email\"><input size=\"40\" maxlength=\"400\" class=\"wpcf7-form-control wpcf7-email wpcf7-validates-as-required wpcf7-text wpcf7-validates-as-email\" aria-required=\"true\" aria-invalid=\"false\" value=\"\" type=\"email\" name=\"your-email\" \/><\/span> <\/label>\n<\/p>\n<p><label> Asunto<br \/>\n<span class=\"wpcf7-form-control-wrap\" data-name=\"your-subject\"><input size=\"40\" maxlength=\"400\" class=\"wpcf7-form-control wpcf7-text\" aria-invalid=\"false\" value=\"\" type=\"text\" name=\"your-subject\" \/><\/span> <\/label>\n<\/p>\n<p><label> Mensaje<br \/>\n<span class=\"wpcf7-form-control-wrap\" data-name=\"your-message\"><textarea cols=\"40\" rows=\"10\" maxlength=\"2000\" class=\"wpcf7-form-control wpcf7-textarea\" aria-invalid=\"false\" name=\"your-message\"><\/textarea><\/span> <\/label>\n<\/p>\n<p><input class=\"wpcf7-form-control wpcf7-submit has-spinner\" type=\"submit\" value=\"Enviar\" \/>\n<\/p><input type='hidden' class='wpcf7-pum' value='{\"closepopup\":false,\"closedelay\":0,\"openpopup\":false,\"openpopup_id\":0}' \/><div class=\"wpcf7-response-output\" aria-hidden=\"true\"><\/div>\n<\/form>\n<\/div>\n\n","protected":false},"excerpt":{"rendered":"Informaci\u00f3n de contacto Si est\u00e1s interesado en alguno de nuestros servicios, ll\u00e1manos y te informaremos sin compromiso. Tambi\u00e9n puedes buscarnos en nuestra p\u00e1gina de Facebook, en nuestro perfil de Instagram (@chdelcastillo) o escribirnos a nuestro correo electr\u00f3nico Centro H\u00edpico del Castillo Calle Carril del Millete, 63 38355, Tacoronte, Tenerife Telefono: +34 696 439 117 E-mail: info@centrohipicodelcastillo.com Formulario de contacto","protected":false},"author":4,"featured_media":0,"parent":0,"menu_order":6,"comment_status":"open","ping_status":"closed","template":"page-fullwidth.php","meta":{"footnotes":""},"class_list":["post-14","page","type-page","status-publish","hentry"],"_links":{"self":[{"href":"https:\/\/centrohipicodelcastillo.com\/inicio\/wp-json\/wp\/v2\/pages\/14","targetHints":{"allow":["GET"]}}],"collection":[{"href":"https:\/\/centrohipicodelcastillo.com\/inicio\/wp-json\/wp\/v2\/pages"}],"about":[{"href":"https:\/\/centrohipicodelcastillo.com\/inicio\/wp-json\/wp\/v2\/types\/page"}],"author":[{"embeddable":true,"href":"https:\/\/centrohipicodelcastillo.com\/inicio\/wp-json\/wp\/v2\/users\/4"}],"replies":[{"embeddable":true,"href":"https:\/\/centrohipicodelcastillo.com\/inicio\/wp-json\/wp\/v2\/comments?post=14"}],"version-history":[{"count":13,"href":"https:\/\/centrohipicodelcastillo.com\/inicio\/wp-json\/wp\/v2\/pages\/14\/revisions"}],"predecessor-version":[{"id":2282,"href":"https:\/\/centrohipicodelcastillo.com\/inicio\/wp-json\/wp\/v2\/pages\/14\/revisions\/2282"}],"wp:attachment":[{"href":"https:\/\/centrohipicodelcastillo.com\/inicio\/wp-json\/wp\/v2\/media?parent=14"}],"curies":[{"name":"wp","href":"https:\/\/api.w.org\/{rel}","templated":true}]}}